Does 168 divide 907368?
True
Does 186 divide 18986?
False
Is 721344 a multiple of 56?
False
Is 1841940 a multiple of 36?
True
Is 5286983 a multiple of 194?
False
Is 83650 a multiple of 14?
True
Is 525 a factor of 6515775?
True
Is 2518177 a multiple of 205?
False
Is 512 a factor of 517120?
True
Does 34 divide 3175396?
True
Does 7 divide 390693?
False
Is 61 a factor of 1655296?
True
Is 41 a factor of 59368?
True
Is 32 a factor of 4104928?
True
Is 318206 a multiple of 17?
True
Does 14 divide 13452?
False
Does 2233 divide 13489536?
False
Is 7 a factor of 3380420?
False
Is 209760 a multiple of 230?
True
Is 432920 a multiple of 25?
False
Is 297 a factor of 262845?
True
Is 576 a factor of 5830848?
True
Is 373337 a multiple of 7?
False
Is 246751 a multiple of 17?
False
Is 28529 a multiple of 5?
False
Does 198 divide 527670?
True
Is 48 a factor of 352883?
False
Is 181 a factor of 107514?
True
Is 4 a factor of 103668?
True
Is 10 a factor of 31933?
False
Is 3986679 a multiple of 549?
False
Is 19 a factor of 81202?
False
Is 5250353 a multiple of 49?
False
Does 117 divide 8562645?
True
Does 115 divide 115460?
True
Is 2874362 a multiple of 331?
False
Is 254 a factor of 849122?
True
Does 31 divide 5853985?
False
Is 4 a factor of 19420?
True
Is 3 a factor of 29074?
False
Is 15 a factor of 4322?
False
Is 1269282 a multiple of 141?
True
Is 178 a factor of 37790?
False
Is 713 a factor of 1429565?
True
Is 147 a factor of 2024925?
True
Does 158 divide 11161436?
True
Does 11 divide 6872448?
True
Is 7 a factor of 65150?
False
Is 79776 a multiple of 144?
True
Is 2251884 a multiple of 82?
True
Does 63 divide 1667471?
False
Is 10 a factor of 66600?
True
Does 16 divide 5053883?
False
Is 4901929 a multiple of 26?
False
Is 8475749 a multiple of 80?
False
Is 9 a factor of 632980?
False
Does 179 divide 8055?
True
Does 217 divide 191177?
True
Is 334919 a multiple of 11?
False
Does 349 divide 971373?
False
Does 6 divide 669300?
True
Is 246652 a multiple of 46?
True
Is 1451742 a multiple of 17?
False
Does 10 divide 2499960?
True
Does 69 divide 2110315?
False
Is 3 a factor of 11274?
True
Is 10 a factor of 7968?
False
Is 275740 a multiple of 427?
False
Is 12 a factor of 3180930?
False
Does 139 divide 3935924?
True
Does 41 divide 50907?
False
Is 85386 a multiple of 42?
True
Is 141700 a multiple of 89?
False
Does 60 divide 1855500?
True
Is 42 a factor of 7460747?
False
Is 27 a factor of 16796729?
False
Does 62 divide 188418?
True
Is 154658 a multiple of 14?
True
Is 38 a factor of 764225?
False
Is 5 a factor of 77924?
False
Does 477 divide 2329668?
True
Is 78 a factor of 944202?
False
Is 5 a factor of 5465005?
True
Is 582 a factor of 487231?
False
Is 780 a factor of 6390268?
False
Is 9279840 a multiple of 12?
True
Does 179 divide 19808319?
True
Does 5 divide 307655?
True
Is 88 a factor of 18967960?
True
Is 275423 a multiple of 147?
False
Is 23508 a multiple of 16?
False
Does 302 divide 16505206?
True
Is 4087376 a multiple of 187?
False
Does 14 divide 169792?
True
Is 2128793 a multiple of 71?
True
Is 45 a factor of 28799460?
True
Does 50 divide 200750?
True
Is 6859380 a multiple of 1045?
True
Is 31 a factor of 8047?
False
Does 25 divide 52495?
False
Does 152 divide 96766?
False
Is 934 a factor of 12327318?
False
Is 661803 a multiple of 211?
False
Does 64 divide 13517716?
False
Is 138 a factor of 50414?
False
Does 54 divide 125834?
False
Does 7 divide 25683?
True
Is 147875 a multiple of 325?
True
Does 13 divide 1147092?
False
Does 4 divide 108359?
False
Is 52406 a multiple of 4?
False
Is 3 a factor of 335681?
False
Is 929 a factor of 1074853?
True
Does 25 divide 1276350?
True
Is 263935 a multiple of 15?
False
Is 26700 a multiple of 178?
True
Is 2627128 a multiple of 28?
True
Is 1185045 a multiple of 1216?
False
Does 7 divide 4394054?
True
Is 2687432 a multiple of 169?
False
Is 16 a factor of 12517?
False
Is 1325028 a multiple of 6?
True
Is 180 a factor of 201780?
True
Is 6230398 a multiple of 69?
False
Is 1908907 a multiple of 13?
True
Is 235 a factor of 1686685?
False
Does 4 divide 9260?
True
Is 19 a factor of 1981538?
False
Is 18864 a multiple of 24?
True
Is 2 a factor of 14631?
False
Does 315 divide 251055?
True
Is 133 a factor of 66204?
False
Is 3284 a factor of 34731584?
True
Does 94 divide 141658?
True
Is 5771332 a multiple of 538?
False
Is 148 a factor of 244994?
False
Does 7 divide 104512?
False
Does 23 divide 365079?
True
Does 10 divide 54030?
True
Is 2107615 a multiple of 75?
False
Is 16 a factor of 260944?
True
Does 85 divide 1039009?
False
Is 45 a factor of 47070?
True
Is 11 a factor of 54648?
True
Is 21000 a multiple of 200?
True
Does 29 divide 1601149?
False
Is 8 a factor of 15097?
False
Does 10 divide 2050862?
False
Is 1107860 a multiple of 64?
False
Does 14 divide 363692?
True
Does 178 divide 10080496?
True
Is 133 a factor of 208785?
False
Is 84607 a multiple of 59?
False
Is 766464 a multiple of 32?
True
Is 108 a factor of 2330100?
True
Is 768141 a multiple of 99?
True
Is 68 a factor of 326536?
True
Is 228 a factor of 728460?
True
Is 633942 a multiple of 859?
True
Does 20 divide 70180?
True
Is 16 a factor of 571168?
True
Is 22 a factor of 8946168?
True
Is 671804 a multiple of 7?
True
Is 294 a factor of 491568?
True
Is 866 a factor of 302362?
False
Is 1646563 a multiple of 287?
False
Is 8720 a multiple of 20?
True
Is 279 a factor of 286204?
False
Does 16 divide 3326699?
False
Does 31 divide 298692?
False
Does 68 divide 1288804?
True
Does 131 divide 625656?
True
Is 120 a factor of 1843371?
False
Does 42 divide 223608?
True
Does 22 divide 320694?
True
Is 15 a factor of 2714370?
True
Is 5283766 a multiple of 4?
False
Is 33 a factor of 13086?
False
Is 90300 a multiple of 75?
True
Is 10 a factor of 6639?
False
Is 12603592 a multiple of 471?
False
Is 4641 a multiple of 14?
False
Is 29 a factor of 256911?
True
Does 7 divide 64841?
True
Does 34 divide 308074?
True
Is 501263 a multiple of 14?
False
Is 18601209 a multiple of 363?
True
Is 152332 a multiple of 22?
False
Is 104 a factor of 13228862?
False
Is 689544 a multiple of 157?
True
Does 4 divide 161284?
True
Is 258 a factor of 4131870?
True
Does 520 divide 2662400?
True
Does 87 divide 9419037?
False
Does 13 divide 240162?
True
Is 81 a factor of 7652151?
True
Is 156 a factor of 102960?
True
Does 460 divide 4835060?
True
Is 225432 a multiple of 372?
True
Is 27 a factor of 1016496?
True
Is 273346 a multiple of 97?
True
Is 151469 a multiple of 34?
False
Is 142 a factor of 16746912?
True
Is 40326 a multiple of 47?
True
Is 132 a factor of 3023751?
False
Is 112252 a multiple of 104?
False
Is 95622 a multiple of 148?
False
Is 36 a factor of 171828?
True
Is 463470 a multiple of 70?
True
Does 65 divide 5736959?
False
Is 291 a factor of 3091220?
False
Is 11 a factor of 513381?
True
Is 213939 a multiple of 5?
False
Is 886 a factor of 1131422?
True
Is 4 a factor of 715859?
False
Does 182 divide 664250?
False
Is 135 a factor of 2114100?
True
Is 480 a factor of 212973?
False
Does 451 divide 860959?
True
Does 539 divide 703395?
True
Does 124 divide 354899?
False
Is 22 a factor of 225360?
False
Does 8 divide 12020616?
True
Is 22 a factor of 161788?
True
Is 3857040 a multiple of 30?
True
Is 750870 a multiple of 30?
True
Is 324132 a multiple of 451?
False
Does 32 divide 6957792?
True
Is 546978 a multiple of 3?
True
Does 48 divide 6976848?
True
Does 15 divide 12246831?
False
Does 83 divide 773809?
True
Is 23630168 a multiple of 596?
False
Is 676157 a multiple of 277?
True
Does 13 divide 151278?
False
Does 112 divide 173936?
True
Does 5 divide 2069585?
True
Does 44 divide 616?
True
Is 158 a factor of 2578998?
False
Is 395011 even?
False
Does 25 divide 4950?
True
Does 603 divide 821889?
True
Is 263297 a multiple of 10?
False
Is 167052 a multiple of 14?
False
Does 26 divide 2721368?
True
Does 15 divide 331959?
False
Does 119 divide 25466?
True
Does 454 divide 64924?
False
Does 6 divide 2426188?
False
Is 267 a factor of 2890542?
True
Is 60815 a multiple of 43?
False
Is 129 a factor of 2227185?
True
Is 32 a factor of 259776?
True
Is 76 a factor of 9210649?
False
Is 6 a factor of 2620356?
True
Is 5014668 a multiple of 818?
False
Is 43 a factor of 1111692?
False
Is 57 a factor of 3725?
False
Does 322 divide 69692?
False
Is 1680610 a multiple of 2